of c and 10.
10
Let a = -3 - -12. Let j(w) = a - 2 - 11 - 5*w + 27*w. Let o be j(6). Calculate the greatest common factor of 16 and o.
16
Suppose -2*s + 12 = s. Suppose s*d = 67 - 3. Let x(u) = -7*u + 2. Let h be x(-2). What is the highest common factor of h and d?
16
Let v(j) be the third derivative of j**4/24 - 5*j**3/3 + 6*j**2. Let i be v(7). Let f be (24/10)/(i/(-50)). What is the greatest common divisor of f and 16?
8
Let a(u) = u**2 - 6*u + 3. Let f be a(6). Let w = 615 + -591. What is the highest common divisor of f and w?
3
Let k be (-2 + (-51)/(-17))/(2/2398). Calculate the highest common divisor of k and 11.
11
Let r be (-4)/(-2*((-1)/(-23) + 0)). Let n = r + -29. Calculate the greatest common divisor of 34 and n.
17
Let y be 261/232*(-32)/(-6). What is the greatest common factor of 42 and y?
6
Let m(q) = -q - 3. Let k be m(-7). Suppose -k*t = -7*t + 21. What is the highest common factor of t and 1?
1
Suppose 14*o + 30 = 24*o. Let l(x) = -73*x**2 + x. Let u be l(1). Let m be (u/15)/((-2)/10). Calculate the highest common factor of o and m.
3
Let d(o) = 13*o. Let v(f) = 26*f - 1. Let b(c) = 5*d(c) - 2*v(c). Let g be b(1). Calculate the greatest common factor of 165 and g.
15
Let n(c) = 457*c**2 + 18*c + 2. Let q be n(-1). What is the highest common factor of 189 and q?
63
Let c be 2/10 + (-620)/(-25). Let a = 30 - c. Suppose r = -a + 12. Calculate the greatest common factor of 49 and r.
7
Let i be 2919/84 + 1/4. What is the highest common factor of 15 and i?
5
Let t = -7 - -11. Suppose -5*h + t*h = -3. Suppose h*u = v - u + 2, -5*v + 3*u + 7 = 0. Calculate the greatest common divisor of v and 6.
2
Let y(a) be the second derivative of -17*a**4/6 - a**3/6 - 3*a. Let v be y(-1). Let i = -11 - v. What is the greatest common divisor of i and 11?
11
Let y be -29 - (2 + 0 + -1). Let b = y - -62. What is the greatest common factor of b and 80?
16
Let b(a) = -73*a - 6. Let k be b(-2). Let z = k + -98. Calculate the greatest common divisor of z and 6.
6
Let z(x) = 5*x - 26. Let i be z(6). Suppose -i*a + 5*a = 19. Calculate the highest common divisor of 190 and a.
19
Let m be -302*(3/6)/(-1). Let h = 245 - m. Suppose 2*a = -3*b + h, 5*a + 6*b - 230 = b. What is the highest common factor of a and 22?
22
Suppose 4*u + 4*y - 8 = -0, 3*u - y - 6 = 0. Suppose u*f + 112 = 4*t - 2*f, 94 = 4*t + 2*f. Let k = t + -15. What is the greatest common divisor of k and 30?
10
Let n = -147 - -187. Calculate the greatest common divisor of n and 60.
20
Let l be 2/(-8)*(21 - 113). Suppose 6*k - 9*k = -1104. Suppose 12*d = 8*d + k. What is the greatest common factor of d and l?
23
Suppose 0 = t + 4*t - 50. Let y = t - 8. What is the greatest common divisor of y and 4?
2
Let w(p) = -3*p**3 - 11*p**2 - 8*p + 34. Let d be w(-7). What is the greatest common factor of d and 20?
20
Let z = 1334 + -232. Suppose -5*r + 2*m + z = 0, 0 = 4*r + 3*m - 445 - 432. Calculate the greatest common divisor of 22 and r.
22
Let w(j) = -j**3 + 3*j. Let a be w(-4). Let g(l) = 13*l. Let y be (6/(-4))/(39/(-26)). Let s be g(y). Calculate the greatest common divisor of a and s.
13
Suppose 3*z = 6*z + 15, -2*g + 4*z = -28. Let c be 50/g + (-3)/(-6). Calculate the greatest common factor of c and 117.
13
Let y(w) = 7*w + 9. Let c be y(3). Suppose 19*p = 14*p + c. Calculate the highest common divisor of p and 12.
6
Suppose 0 = -5*z - 15, -4*r - 4*z + 6 - 2 = 0. Suppose -5*a + r*a = -2. Let s be 20 - 7/(14/4). What is the highest common factor of a and s?
2
Suppose -494*b + 503*b - 19557 = 0. Calculate the highest common divisor of 53 and b.
53
Suppose 6900 = 12*a - 0*a. Calculate the highest common divisor of a and 69.
23
Suppose -93*a + 4*v + 34 = -91*a, 4*a + 5*v = 133. What is the highest common divisor of 21 and a?
3
Suppose -p + 3*p = 5*u - 58, 3*u = p + 35. Calculate the highest common divisor of 3 and u.
3
Suppose 3*f - 6 - 6 = 0. Suppose 0*z = -3*y + z + 48, f*z - 46 = -2*y. What is the greatest common divisor of 85 and y?
17
Let h = 24 + -30. Let s(f) = f**2 + 5*f + 5. Let i be s(h). Let p = 15 - i. What is the greatest common divisor of 36 and p?
4
Let w be 1/(-15)*-6*60. Let u = -11 + w. Calculate the greatest common divisor of 65 and u.
13
Let h = 488 - 472. What is the highest common divisor of 16 and h?
16
Let w = 28 - -27. Suppose -3*j + 12 = 0, 4*u + 24 = 4*j + 184. Suppose 10*b - u = 6*b. Calculate the greatest common divisor of b and w.
11
Suppose -2*a + 6 = -0*a. Let c(b) = 2*b**2 - 2*b - 6. Let q be c(a). Calculate the highest common divisor of 30 and q.
6
Let j be ((-1)/(-4))/(6/(-5328)*-3). Calculate the greatest common divisor of 185 and j.
37
Let v be (-3)/(22/(-4) - -4). Suppose -32 = -3*f - 0*n + v*n, -f + 24 = -4*n. What is the highest common factor of f and 8?
8
Suppose 336*v - 168 = 333*v. Calculate the highest common factor of v and 24.
8
Suppose -m = 2*l - 6*l + 6, 4*m + l + 109 = 0. Let b = -18 - m. Suppose y = 4*o - 288, 3*y = -o + 2*y + 72. What is the highest common factor of o and b?
8
Let d be (-686)/(-30) - (-86)/645. Let x(f) = -4*f - 1. Suppose 0 = -3*l - 9 - 9. Let q be x(l). Calculate the highest common divisor of q and d.
23
Suppose -d + 17 = a, -3*d + 3*a = a - 56. What is the greatest common divisor of d and 330?
6
Suppose -4*o = -3*u - 10 + 49, -o - 2*u = -4. Let w be (-362)/o - 46/(-69). Suppose 4*v - 99 = w. What is the greatest common factor of 5 and v?
5
Let g be (2 - 9)*12/(-21). Let c(z) = -4*z + 8. Suppose 4*w = 6*w + 12. Let y be c(w). What is the highest common factor of g and y?
4
Let m(l) = 4 + 4 - 11*l + 1 + 26*l - l**2. Let d be m(8). Let t = d - 45. What is the highest common divisor of 5 and t?
5
Suppose -2*j + 0*j - 4*v = -56, 2*v = 8. Let f = j - 17. Let c = 21 - -9. Calculate the highest common divisor of c and f.
3
Let m = 112 + 22. Let t = -38 + m. Calculate the highest common divisor of 24 and t.
24
Let x = 61 + -34. Let t = 52 - 46. Suppose 2*z = 3*f - 413, -3*f - t*z + 385 = -z. Calculate the highest common factor of f and x.
27
Let o = 199 - 130. Suppose 2*p - 209 = -o. Calculate the greatest common factor of p and 35.
35
Let q(d) = 5*d**2 - d - 1. Let h be q(-1). Suppose -60 = -h*l + 2*l. Let t = -78 - -158. What is the highest common divisor of l and t?
20
Suppose -5*f + 107 + 133 = 0. Suppose 0 = 8*t - 4*t - f. What is the greatest common divisor of 228 and t?
12
Let j = -13 + 14. Let q(g) = -4*g**3 - 2*g**2 + 2*g - 1. Let v be q(j). Let k be (2 + v)*(-2 - 1). Calculate the highest common divisor of k and 18.
9
Suppose s + v = 11*v + 18, -4*v - 36 = -2*s. Let t(z) = 5*z - 2. Let c be t(4). Calculate the highest common divisor of c and s.
18
Let h(b) = b**3 + b**2 - 2*b - 1. Let c be h(-3). Let d = -10 - c. Suppose -5*a + a + 5*z + 28 = 0, 0 = a - z - 6. What is the highest common factor of a and d?
1
Let g be (47/2)/(3/6). Let k = 100 + g. Suppose 5*r - 4*u - 119 = 0, 5*r = u - 4*u + k. What is the greatest common factor of 9 and r?
9
Let w(p) = 4*p**2 + 7*p - 9. Let f be w(-4). Suppose 0*m + f = t + 3*m, 3*m + 81 = 3*t. Calculate the greatest common factor of 27 and t.
27
Suppose -3*z = -5*a - 425, 143 = 2*z - z - 2*a. Let h(o) = 53*o**2 + 1. Let d be h(1). What is the highest common factor of d and z?
27
Let s be (8/(-10))/((-3)/15). Let h be (-8 - (-46)/5)*100/3. Calculate the greatest common divisor of s and h.
4
Suppose 72 = d + v, 0 = -5*v + 3*v - 4. Calculate the greatest common divisor of d and 185.
37
Let t = -60 - -70. Let s(a) = -a**3 + 11*a**2 - 9*a + 1. Let f be s(t). Calculate the highest common divisor of f and 1.
1
Let r(q) = -q - 20. Let v(y) = y + 21. Let h(s) = 6*r(s) + 7*v(s). Let b be h(10). What is the greatest common divisor of b and 333?
37
Let o = -205 + 247. What is the greatest common divisor of o and 651?
21
Let h(f) = -f + 11. Let g be h(6). Suppose 3*p - g*p = 40. Let c be p/(-170) - (-132)/34. Calculate the highest common factor of 20 and c.
4
Suppose 0 = -6*z + 16*z - 260. Let u be 47/3 + 2/6. Let w = u + z. What is the highest common factor of 63 and w?
21
Let g = 742 - 469. Calculate the highest common divisor of g and 52.
13
Let o be ((-46)/8)/(25/20)*-5. Let d = o - 12. Let j(u) = u**2 + 2*u - 2. Let v be j(-6). Calculate the highest common factor of v and d.
11
Let f = -382 - -688.